0 + 8*u + u**3 + 52. Determine d(-8).
-10
Let n(d) = -d. Let q(o) = 6*o - 1. Let p(r) = -2*n(r) - q(r). Suppose 5*c + 27*x + 5 = 22*x, 5*c + 3*x = -7. Give p(c).
9
Suppose -19*n - 52 = -23*n - 4*g, -41 = -2*n - 5*g. Let c(w) = 3*w - 24. Calculate c(n).
0
Let m(i) = 52*i - 105. Let v be m(2). Let s(x) = -39*x**3 + x**2 + x. Calculate s(v).
39
Let w(p) = 6*p**2 - 1. Let a(q) = 10*q**2 - 2*q - 2. Let k(c) = a(c) - 2*w(c). Give k(4).
-40
Let i = 52 - 51. Suppose -a = -5 + i. Let c(y) = -3*y - 3*y + 5*y. What is c(a)?
-4
Let z(t) = t**2 + 6*t + 5. Let c be (24/20 - (-1)/(-5)) + 1. Suppose 2*i - 2*o = -c*i - 32, 42 = -5*i + 3*o. Give z(i).
5
Suppose 9 = -5*d + 4*g - 8, -3*g + 8 = d. Let v(r) = 16*r**3 + r. What is v(d)?
-17
Let k(g) = -g**2 - g + 6. Let f be (6 + (2 - 4))*2/4. Suppose -v = -f*v. Calculate k(v).
6
Let k(r) be the first derivative of r**4/4 - 2*r**3 - 4*r**2 + 2*r - 74. Let i be ((-2)/(-3))/(12/(-396)). Let u = -15 - i. What is k(u)?
-5
Let i(n) be the third derivative of -n**6/120 - 13*n**5/60 - 23*n**4/24 - n**3/6 - 40*n**2 + 2. Calculate i(-11).
10
Let p(y) = 4*y + 80. Let z be p(-18). Suppose z*w = 6*w - 4. Let g(t) = -t - 1. Give g(w).
1
Let p(c) = -c - 1. Let m be 2/(2 - 0) - 6. Let i(o) be the third derivative of o**4/4 + 5*o**3/6 + 82*o**2. Let j(q) = m*p(q) - i(q). Give j(-3).
3
Let n(b) be the third derivative of b**4/12 - b**3/2 + b**2 + 14*b. Give n(-3).
-9
Let n = 1017 - 1007. Let y(j) = j**2 - 12*j - 6. What is y(n)?
-26
Let p(o) be the first derivative of -7*o**2/2 - o + 2. Let s(d) = -9*d - 11. Let h be s(-6). Let y = h - 42. Give p(y).
-8
Let j(q) = -7*q**2 - 36*q + 47. Let a(t) = -6*t**2 - 34*t + 43. Let m(u) = -6*a(u) + 5*j(u). What is m(-25)?
2
Let s(m) be the first derivative of m**4/4 + 3*m**3 + 3*m**2 + 4*m - 368. Give s(-8).
20
Let r = 142 - 138. Let y(h) = -h**3 + 5*h**2 - 5*h - 1. Determine y(r).
-5
Let r(h) be the second derivative of 0*h**2 - 1/6*h**3 + 3*h + 0. Determine r(4).
-4
Let f(w) = -w**2 - 2*w. Let b be f(-3). Let u(q) = q - 1. Let r(j) = -j**2 - 4*j + 6. Let k(l) = b*u(l) - r(l). Determine k(0).
-3
Let w(t) = -t - 7. Let g = 12 - 18. Let r be (2 - (-1 - g))*1. What is w(r)?
-4
Suppose -2*g - 6 = 2*i, 0 = -2*i - 2*i - g - 9. Let o(r) be the third derivative of -r**5/20 - r**4/8 + 3*r**2. Give o(i).
-6
Let d(k) = k**2 - 14*k + 13. Let p be d(14). Let i(o) = 2 + p*o - 11 - 12*o. Calculate i(8).
-1
Let x = 18 - 9. Let c(a) = -5*a**3 + 9*a**2 + 4*a - 13. Let l(u) = -17*u**3 + 27*u**2 + 13*u - 39. Let i(b) = -7*c(b) + 2*l(b). Calculate i(x).
-5
Let f(v) = v**3 + 4*v**2 - 5*v + 3. Suppose -7*d + 6*d = -8. Let s be (2*-1 + 1)*-22. Let c be 4/d - s/4. Determine f(c).
3
Let t(p) = -16 + 63*p - 87*p + 21*p. Calculate t(0).
-16
Let v(b) = 16*b - 6. Let s(x) = 270*x - 100. Let o(a) = -3*s(a) + 50*v(a). Determine o(-3).
30
Suppose 0 = 13*c + 27*c - 240. Let d(g) = 3*g - 14. Give d(c).
4
Suppose -263 + 245 = -6*z. Let n(y) = y**2 - 7*y + 2. Determine n(z).
-10
Let p(m) = -m**3 - 3*m**2 - m. Let f = 960 - 961. Calculate p(f).
-1
Let n(u) = u - 8. Let m be n(7). Let t be (1 - 1)/(-4 - m). Let x(s) = t - 1 - 3*s - 8*s**2 + s. Determine x(-1).
-7
Let d(r) = -r + 9. Let y be d(8). Let i(c) = c**3 + 0*c + 7*c - c**2 - y - 9*c. Suppose q - 7*h = -3*h - 9, 4*q + 3*h - 2 = 0. What is i(q)?
-1
Suppose -12*z = -5*z - 889. Let o = z + -124. Let m(s) = s**3 - 2*s**2 - 4. Determine m(o).
5
Let n be 1 - -2 - (-5 + 8). Let o(u) be the third derivative of 1/6*u**3 + 0 + 1/60*u**5 + 5*u**2 + n*u + 5/24*u**4. What is o(-3)?
-5
Let y(w) = w**3 + 42*w**2 - 90*w - 86. Let h be y(-44). Let n(j) = -8*j - 3. Calculate n(h).
-19
Let z(r) = -5*r**2 - 14*r + 9. Let c(n) = -9*n**2 - 27*n + 17. Let o(q) = -4*c(q) + 7*z(q). Give o(-10).
-5
Suppose -3*t - n - 545 = 0, 94 + 96 = -t - 2*n. Let h be (3/4)/(9/t). Let a be 18/h*(7 + -2). Let f(c) = -c**3 - 5*c**2 + 5*c - 2. Determine f(a).
4
Let f(q) = -q**3 + 15*q**2 + 15*q + 20. Let m be f(16). Let t(d) = 3 - 4*d + 0 + 3*d**2 - m*d**2. Calculate t(-5).
-2
Let u be 3*4/24*-10. Let i(l) = l**2 + 9*l + 12. Calculate i(u).
-8
Let p(g) = -2*g**2 - 5*g - 5. Let t(y) be the third derivative of y**5/60 + 5*y**4/24 + 5*y**3/6 - 23*y**2. Let v(h) = -2*p(h) - 3*t(h). Calculate v(6).
1
Let j(y) = 5*y - 42. Let l(n) = 5*n - 48. Let f(z) = -7*j(z) + 6*l(z). Determine f(3).
-9
Let s(r) be the third derivative of -13*r**2 + 0*r + 0 - 7/24*r**4 - r**3 - 1/60*r**5. Give s(-6).
0
Let u(q) be the second derivative of q**4/12 - q**3 - 7*q**2/2 + 2*q. Let p = 1297 + -1290. Calculate u(p).
0
Let q(x) = x**3 + 2*x**2 - 4*x - 3. Suppose 7*t + 12 = 40. Suppose -4*j = t*j. Suppose j = 3*p - 0*p + 2*f - 1, -2*f + 25 = -5*p. Give q(p).
0
Suppose 0 = -4*r - 3*s - 391, 4*r - 9*r + 3*s = 482. Let n = r - -96. Let g(p) = 12*p - 5*p + 3 - 2. Give g(n).
-6
Let a(x) = x**2 + 6*x + 3. Let l be 4/((1 - 10) + 13). Suppose 7*p - 8 = 3*p. Suppose f = -l - p. Determine a(f).
-6
Let t(w) = -w**3 - 6*w**2 - 6*w + 5. Let m(i) = -i**3 - 7*i**2 - 6*i + 5. Let q(y) = -3*m(y) + 2*t(y). Let l be (-1 + 3)*(-28)/7. Determine q(l).
11
Let x(g) = -5*g**2 + 4*g + 10. Let y(j) = -11*j**2 + 8*j + 21. Let i(r) = -13*x(r) + 6*y(r). Suppose 4*d = -6 - 6. Give i(d).
-1
Let l(s) be the second derivative of s**4/12 - s**3 - 233*s. Give l(5).
-5
Let r(n) = n**3 - 10*n**2 + 9*n - 3. Suppose -5*d - 124 = -4*k, -2*k + k = -2*d - 31. Let b = k - 22. Give r(b).
-3
Let g(j) = -3 - 8*j - 2 - j**2 + 3*j. Suppose d - 89 = -95. What is g(d)?
-11
Suppose 5*a - 4*q = 73, -8*q = -4*a - 11*q + 46. Let y(o) = -4*o + a*o - 8*o + 19. Calculate y(-8).
11
Let u(t) = -t**2 - 5*t + 2. Let l(m) = -m**3 + 8*m**2 + 6*m + 6. Let c be l(9). Let s = c + 17. Give u(s).
6
Let x = -2 - -3. Suppose 5 = b + 3. Let j(d) = 11*d**b + 2 - 14*d - 1 + 11*d + d. What is j(x)?
10
Let n(c) be the second derivative of -c**3/6 + 7*c**2/2 + c. Suppose 18*o + 15 = 21*o + 5*i, -4*i = 0. Calculate n(o).
2
Suppose 35 = 5*o - 40. Suppose 0 = -4*k - 8, -5*m + 3*k = -9 - 17. Suppose m*d + o = -9. Let v(u) = -u - 5. What is v(d)?
1
Let c(l) be the second derivative of -1/20*l**5 - 1/2*l**2 - 6*l + 1/2*l**3 + 0 + 1/6*l**4. Let t(u) = u - 5. Let b be t(7). Determine c(b).
5
Suppose -c - 74 = 4*x - 3*c, -72 = 4*x - 4*c. Let j(s) = s**3 + 19*s**2 + 8. Determine j(x).
8
Let y(a) = -9*a + 7. Let g(s) = 5*s - 3. Let i(p) = -5*g(p) - 2*y(p). Suppose 9*w + 52 + 38 = 0. Let t(v) = -v. Let l(q) = w*t(q) + 2*i(q). Give l(2).
-6
Let t be 21/5 - (-16)/(-200)*-10. Let a(x) = 4*x - 9. What is a(t)?
11
Let t(r) be the first derivative of -r**4/4 + 24*r - 15. Determine t(0).
24
Let l(j) = j**2 + 10*j + 16. Let u be l(-8). Let g(q) = u + 0 + q + 2. What is g(-8)?
-6
Let b(s) be the third derivative of s**5/60 + 3*s**4/8 - 11*s**3/6 - 6*s**2. Let d be b(-10). Let f(k) = 4*k**3 + 2*k + 1. Give f(d).
-5
Let x(r) = -r**2 + 18*r + 63. Let g be x(-3). Let c(j) = -j**3 - 28. Determine c(g).
-28
Let t(q) = -69*q - 6 - q**2 + 0*q**2 + 142*q - 65*q - 1. Determine t(9).
-16
Let r(m) = 10*m**2 + 3*m + 2. Let o be r(-1). Let g(i) = -114*i**2 - i**3 + 3 + 121*i**2 - o*i - 2. Calculate g(6).
-17
Let g be 3 + 0 - -1 - 2. Let d(h) be the first derivative of -h**3/3 + h**2/2 - h - 5. What is d(g)?
-3
Let k(j) = -11 - 3*j - 12 + 19. Calculate k(-3).
5
Let o(c) = c**3 - 12*c**2 + 8. Suppose -2*p + 46 = 4*l, 2*l + 2*l - 52 = 4*p. Give o(l).
8
Let m(z) = -z**2 - 8*z - 7. Let q(a) = -5*a + 17. Let v be q(5). Let g be 2*3/v*8. Determine m(g).
5
Let r(i) = -i**2 - 6*i + 1. Let m = 512 + -515. Determine r(m).
10
Let c(p) be the second derivative of -p**5/20 + p**4/4 - p**3/2 + p**2 - 59*p. Give c(3).
-7
Let z(n) = -4*n**2 + 10*n - 4. Let s(d) = d**2 - d. Let o be (25/30)/(2/12). Let h(r) = o*s(r) + z(r). Give h(-4).
-8
Let m(y) be the second derivative of y**3/6 + 7*y**2 + 78*y. Calculate m(-7).
7
Let a(o) be the second derivative of -2*o - 1/6*o**4 + 1/3*o**3 - 1/20*o**5 + 3/2*o**2 + 0. Let k = 1287 - 1289. Give a(k).
-1
Let d(j) = 21*j + 4. Let l be d(-2). Let w = 34 + l. Let i(s) = -s**2 - 3*s - 1. Calculate i(w).
-5
Let h(r) = -r**2 + 2*r - 2. Suppose 2*x = 4*z - 8, 0*x + 5*z = -x + 17. Give h(x).
-2
Let i = -19 + 10. Let q = 2 + i. Let y(n) be the second derivative of n**5/20 + 7*n**4/12 - n**3/6 - 7*n**2/2 + 3*n. What is y(q)?
0
Let j be (9 -